{"id":63,"date":"2025-09-13T14:00:25","date_gmt":"2025-09-13T12:00:25","guid":{"rendered":"https:\/\/now-kasz.pl\/?page_id=63"},"modified":"2025-11-03T16:13:41","modified_gmt":"2025-11-03T15:13:41","slug":"serwis-opon-piskorowice","status":"publish","type":"page","link":"https:\/\/now-kasz.pl\/","title":{"rendered":"Serwis opon w Piskorowicach"},"content":{"rendered":"\n<div class=\"wp-block-uagb-container uagb-layout-flex uagb-block-kdgzbihl alignfull uagb-is-root-container\">\n<div class=\"wp-block-uagb-info-box uagb-block-an8r1ibp uagb-infobox__content-wrap  uagb-infobox-icon-above-title uagb-infobox-image-valign-top\"><div class=\"uagb-ifb-content\"><div class=\"uagb-ifb-title-wrap\"><h1 class=\"uagb-ifb-title\">Serwis opon <br>w Piskorowicach<\/h1><\/div><div class=\"uagb-ifb-desc\">\n<p class=\"has-medium-font-size\">Wojew\u00f3dztwo podkarpackie, powiat le\u017cajski<\/p>\n\n\n\n<p class=\"has-medium-font-size\">Poniedzia\u0142ek &#8211; Sobota<br>Od <strong>7:00<\/strong> do <strong>22:00<\/strong><\/p>\n<\/div><\/div><\/div>\n\n\n\n<div class=\"wp-block-buttons is-content-justification-center is-layout-flex wp-container-core-buttons-is-layout-a89b3969 wp-block-buttons-is-layout-flex\">\n<div class=\"wp-block-button\"><a class=\"wp-block-button__link has-medium-font-size has-custom-font-size wp-element-button\" href=\"tel:+48728625483\" style=\"border-radius:10px\"><strong>Zadzwo\u0144<\/strong><br> 728 625 483<\/a><\/div>\n<\/div>\n\n\n\n<div class=\"wp-block-buttons is-content-justification-center is-layout-flex wp-container-core-buttons-is-layout-a89b3969 wp-block-buttons-is-layout-flex\">\n<div class=\"wp-block-button\"><a class=\"wp-block-button__link has-medium-font-size has-custom-font-size wp-element-button\" href=\"#zakres-us\u0142ug\" style=\"border-radius:10px\">Zakres us\u0142ug<\/a><\/div>\n<\/div>\n\n\n\n<div class=\"wp-block-buttons is-content-justification-center is-layout-flex wp-container-core-buttons-is-layout-a89b3969 wp-block-buttons-is-layout-flex\">\n<div class=\"wp-block-button\"><a class=\"wp-block-button__link has-medium-font-size has-custom-font-size wp-element-button\" href=\"#jak-znalezc\" style=\"border-radius:10px\">Jak nas znale\u017a\u0107?<\/a><\/div>\n<\/div>\n<\/div>\n\n\n\n<h2 class=\"wp-block-heading has-text-align-center has-large-font-size\" id=\"zakres-us\u0142ug\">Zakres us\u0142ug<\/h2>\n\n\n\n<p class=\"has-medium-font-size\">Nasz serwis zajmuje si\u0119 kompleksow\u0105 obs\u0142ug\u0105 ogumienia do r\u00f3\u017cnych typ\u00f3w pojazd\u00f3w \u2013 od samochod\u00f3w osobowych, przez ci\u0119\u017carowe i dostawcze, a\u017c po maszyny rolnicze i przemys\u0142owe, w tym r\u00f3wnie\u017c w zakresie du\u017cych opon.<\/p>\n\n\n\n<p class=\"has-medium-font-size\">W ofercie znajduje si\u0119 m.in.:<\/p>\n\n\n\n<ul style=\"line-height:2.5\" class=\"wp-block-list\">\n<li class=\"has-medium-font-size\">wymiana i monta\u017c opon,<\/li>\n\n\n\n<li class=\"has-medium-font-size\">wywa\u017canie i kontrola stanu k\u00f3\u0142,<\/li>\n\n\n\n<li class=\"has-medium-font-size\">naprawy ogumienia,<\/li>\n\n\n\n<li class=\"has-medium-font-size\">obs\u0142uga opon wielkogabarytowych,<\/li>\n\n\n\n<li class=\"has-medium-font-size\">doradztwo w zakresie doboru i eksploatacji opon,<\/li>\n\n\n\n<li class=\"has-medium-font-size\">sprzeda\u017c nowych i u\u017cywanych opon oraz akcesori\u00f3w.<\/li>\n<\/ul>\n\n\n\n<p class=\"has-medium-font-size\">Szczeg\u00f3\u0142owy zakres us\u0142ug dost\u0119pny jest w ka\u017cdej z poni\u017cszych kategorii. Po wybraniu danej kategorii wy\u015bwietli si\u0119 pe\u0142na lista prac serwisowych dopasowanych do Pa\u0144stwa pojazdu, tak aby ka\u017cdy klient wiedzia\u0142 dok\u0142adnie, co mo\u017ce u nas znale\u017a\u0107.<\/p>\n\n\n\n<div class=\"wp-block-columns is-layout-flex wp-container-core-columns-is-layout-28f84493 wp-block-columns-is-layout-flex\">\n<div class=\"wp-block-column is-vertically-aligned-top clickable-column is-layout-flow wp-block-column-is-layout-flow\" style=\"border-style:none;border-width:0px;border-radius:20px;box-shadow:var(--wp--preset--shadow--natural)\">\n<figure class=\"wp-block-image aligncenter size-medium has-custom-border clickable-column wp-duotone-rgb2305770-fff278-1\"><img loading=\"lazy\" decoding=\"async\" width=\"300\" height=\"300\" src=\"https:\/\/now-kasz.pl\/wp-content\/uploads\/2025\/09\/samochod4-2-300x300.png\" alt=\"\" class=\"wp-image-222\" style=\"border-radius:100px;box-shadow:none;aspect-ratio:16\/9;object-fit:cover\" srcset=\"https:\/\/now-kasz.pl\/wp-content\/uploads\/2025\/09\/samochod4-2-300x300.png 300w, https:\/\/now-kasz.pl\/wp-content\/uploads\/2025\/09\/samochod4-2-150x150.png 150w, https:\/\/now-kasz.pl\/wp-content\/uploads\/2025\/09\/samochod4-2-50x50.png 50w, https:\/\/now-kasz.pl\/wp-content\/uploads\/2025\/09\/samochod4-2.png 500w\" sizes=\"auto, (max-width: 300px) 100vw, 300px\" \/><figcaption class=\"wp-element-caption\"><strong>Samochody osobowe<\/strong><\/figcaption><\/figure>\n\n\n\n<div class=\"wp-block-group hidden-info is-layout-constrained wp-block-group-is-layout-constrained\">\n<ul class=\"wp-block-list\">\n<li style=\"line-height:2\">Wymiana opon<\/li>\n\n\n\n<li style=\"line-height:2\">Wywa\u017canie k\u00f3\u0142<\/li>\n\n\n\n<li style=\"line-height:2\">Naprawa opon &#8222;na zimno&#8221;<\/li>\n\n\n\n<li>Naprawa opon &#8222;na gor\u0105co&#8221;<\/li>\n\n\n\n<li style=\"line-height:2\">Kontrola stanu ogumienia<\/li>\n\n\n\n<li style=\"line-height:2\">Doradztwo techniczne<\/li>\n\n\n\n<li style=\"line-height:2\">Sprzeda\u017c opon i akcesori\u00f3w<\/li>\n<\/ul>\n<\/div>\n<\/div>\n\n\n\n<div class=\"wp-block-column is-vertically-aligned-top clickable-column is-layout-flow wp-block-column-is-layout-flow\" style=\"border-style:none;border-width:0px;border-radius:20px;box-shadow:var(--wp--preset--shadow--natural)\">\n<figure class=\"wp-block-image aligncenter size-medium has-custom-border wp-duotone-rgb0119182-00a5ff-2\"><img loading=\"lazy\" decoding=\"async\" width=\"300\" height=\"300\" src=\"https:\/\/now-kasz.pl\/wp-content\/uploads\/2025\/09\/Ciezarowka2-300x300.png\" alt=\"\" class=\"wp-image-211\" style=\"border-radius:100px;aspect-ratio:16\/9;object-fit:cover\" srcset=\"https:\/\/now-kasz.pl\/wp-content\/uploads\/2025\/09\/Ciezarowka2-300x300.png 300w, https:\/\/now-kasz.pl\/wp-content\/uploads\/2025\/09\/Ciezarowka2-150x150.png 150w, https:\/\/now-kasz.pl\/wp-content\/uploads\/2025\/09\/Ciezarowka2-50x50.png 50w, https:\/\/now-kasz.pl\/wp-content\/uploads\/2025\/09\/Ciezarowka2.png 500w\" sizes=\"auto, (max-width: 300px) 100vw, 300px\" \/><figcaption class=\"wp-element-caption\"><strong>Samochody ci\u0119\u017carowe<\/strong><\/figcaption><\/figure>\n\n\n\n<div class=\"wp-block-group hidden-info is-layout-constrained wp-block-group-is-layout-constrained\">\n<ul class=\"wp-block-list\">\n<li style=\"line-height:2\">Wymiana opon<\/li>\n\n\n\n<li style=\"line-height:2\">Wywa\u017canie k\u00f3\u0142<\/li>\n\n\n\n<li style=\"line-height:2\">Naprawa opon &#8222;na zimno&#8221;<\/li>\n\n\n\n<li style=\"line-height:2\">Naprawa opon &#8222;na gor\u0105co&#8221;<\/li>\n\n\n\n<li style=\"line-height:2\">Kontrola stanu ogumienia<\/li>\n\n\n\n<li style=\"line-height:2\">Doradztwo techniczne<\/li>\n\n\n\n<li style=\"line-height:2\">Sprzeda\u017c opon i akcesori\u00f3w<\/li>\n<\/ul>\n<\/div>\n<\/div>\n\n\n\n<div class=\"wp-block-column is-vertically-aligned-top clickable-column is-layout-flow wp-block-column-is-layout-flow\" style=\"border-style:none;border-width:0px;border-radius:20px;box-shadow:var(--wp--preset--shadow--natural)\">\n<figure class=\"wp-block-image aligncenter size-medium has-custom-border wp-duotone-rgb434566-ccc-3\"><img loading=\"lazy\" decoding=\"async\" width=\"300\" height=\"300\" src=\"https:\/\/now-kasz.pl\/wp-content\/uploads\/2025\/09\/ladowarka3-2-300x300.png\" alt=\"\" class=\"wp-image-224\" style=\"border-radius:100px;aspect-ratio:16\/9;object-fit:cover\" srcset=\"https:\/\/now-kasz.pl\/wp-content\/uploads\/2025\/09\/ladowarka3-2-300x300.png 300w, https:\/\/now-kasz.pl\/wp-content\/uploads\/2025\/09\/ladowarka3-2-150x150.png 150w, https:\/\/now-kasz.pl\/wp-content\/uploads\/2025\/09\/ladowarka3-2-50x50.png 50w, https:\/\/now-kasz.pl\/wp-content\/uploads\/2025\/09\/ladowarka3-2.png 500w\" sizes=\"auto, (max-width: 300px) 100vw, 300px\" \/><figcaption class=\"wp-element-caption\"><strong>Pojazdy przemys\u0142owe<\/strong><\/figcaption><\/figure>\n\n\n\n<div class=\"wp-block-group hidden-info is-layout-constrained wp-block-group-is-layout-constrained\">\n<ul class=\"wp-block-list\">\n<li style=\"line-height:2\">Wymiana opon<\/li>\n\n\n\n<li>Naprawa opon &#8222;na zimno&#8221;<\/li>\n\n\n\n<li style=\"line-height:2\">Naprawa opon &#8222;na gor\u0105co&#8221;<\/li>\n\n\n\n<li style=\"line-height:2\">Kontrola stanu ogumienia<\/li>\n\n\n\n<li style=\"line-height:2\">Doradztwo techniczne<\/li>\n\n\n\n<li style=\"line-height:2\">Sprzeda\u017c opon i akcesori\u00f3w<\/li>\n<\/ul>\n<\/div>\n<\/div>\n\n\n\n<div class=\"wp-block-column is-vertically-aligned-top clickable-column is-layout-flow wp-block-column-is-layout-flow\" style=\"border-style:none;border-width:0px;border-radius:20px;box-shadow:var(--wp--preset--shadow--natural)\">\n<figure class=\"wp-block-image aligncenter size-medium has-custom-border wp-duotone-rgb25521410-ffa96b-4\"><img loading=\"lazy\" decoding=\"async\" width=\"300\" height=\"300\" src=\"https:\/\/now-kasz.pl\/wp-content\/uploads\/2025\/09\/Traktor1-1-300x300.png\" alt=\"\" class=\"wp-image-223\" style=\"border-radius:100px;aspect-ratio:16\/9;object-fit:cover\" srcset=\"https:\/\/now-kasz.pl\/wp-content\/uploads\/2025\/09\/Traktor1-1-300x300.png 300w, https:\/\/now-kasz.pl\/wp-content\/uploads\/2025\/09\/Traktor1-1-150x150.png 150w, https:\/\/now-kasz.pl\/wp-content\/uploads\/2025\/09\/Traktor1-1-50x50.png 50w, https:\/\/now-kasz.pl\/wp-content\/uploads\/2025\/09\/Traktor1-1.png 500w\" sizes=\"auto, (max-width: 300px) 100vw, 300px\" \/><figcaption class=\"wp-element-caption\"><strong>Pojazdy rolnicze<\/strong><\/figcaption><\/figure>\n\n\n\n<div class=\"wp-block-group hidden-info is-layout-constrained wp-block-group-is-layout-constrained\">\n<ul class=\"wp-block-list\">\n<li style=\"line-height:2\">Wymiana opon<\/li>\n\n\n\n<li style=\"line-height:2\">Naprawa opon &#8222;na zimno&#8221;<\/li>\n\n\n\n<li style=\"line-height:2\">Naprawa opon &#8222;na gor\u0105co&#8221;<\/li>\n\n\n\n<li style=\"line-height:2\">Kontrola stanu ogumienia<\/li>\n\n\n\n<li style=\"line-height:2\">Doradztwo techniczne<\/li>\n\n\n\n<li style=\"line-height:2\">Sprzeda\u017c opon i akcesori\u00f3w<\/li>\n<\/ul>\n<\/div>\n<\/div>\n<\/div>\n\n\n\n<h2 class=\"wp-block-heading has-text-align-center\" id=\"jak-znalezc\">Jak nas znale\u017a\u0107?<\/h2>\n\n\n\n<p class=\"has-medium-font-size\">Serwis mie\u015bci si\u0119 we wsi <strong>Piskorowice<\/strong>, pomi\u0119dzy <strong>Le\u017cajskiem<\/strong> i <strong>Sieniaw\u0105<\/strong>.<br>Na ostrym zakr\u0119cie g\u0142\u00f3wnej drogi nale\u017cy skr\u0119ci\u0107 w boczn\u0105 drog\u0119 i jecha\u0107 ok. <strong>1 km<\/strong> \u2013 nasz serwis znajduje si\u0119 na ko\u0144cu.<\/p>\n\n\n\n<div class=\"wp-block-columns is-layout-flex wp-container-core-columns-is-layout-28f84493 wp-block-columns-is-layout-flex\">\n<div class=\"wp-block-column is-vertically-aligned-center is-layout-flow wp-block-column-is-layout-flow\" style=\"box-shadow:none;flex-basis:66.66%\">\n<iframe \n  src=\"https:\/\/www.google.com\/maps\/embed?pb=!1m18!1m12!1m3!1d2218.8973456193276!2d22.510263341283547!3d50.23278787761491!2m3!1f0!2f0!3f0!3m2!1i1024!2i768!4f13.1!3m3!1m2!1s0x473cb9ce5fb3a6e9%3A0x4fefc7375d67ff71!2sNow-Kasz%20-%20SERWIS%2FWYMIANA%20OPON%20%7C%20ROLNICZE%20%7C%20CI%C4%98%C5%BBAROWE%20%7C%20OSOBOWE!5e0!3m2!1spl!2spl!4v1757270580871!5m2!1spl!2spl\" \n  width=\"100%\" \n  height=\"400\" \n  style=\"border-style:none; border-width:0px; border-radius:20px; overflow:hidden; box-shadow:var(--wp--preset--shadow--natural);\" \n  allowfullscreen=\"\" \n  loading=\"lazy\" \n  referrerpolicy=\"no-referrer-when-downgrade\">\n<\/iframe>\n<\/div>\n\n\n\n<div class=\"wp-block-column is-vertically-aligned-center is-layout-flow wp-block-column-is-layout-flow\" style=\"flex-basis:33.33%\">\n<figure class=\"wp-block-table aligncenter has-medium-font-size\"><table class=\"has-fixed-layout\" style=\"border-style:none;border-width:0px\"><tbody><tr><td class=\"has-text-align-center\" data-align=\"center\">NOW-KASZ<br>37 &#8211; 300 Le\u017cajsk<br>Piskorowice 44A<br>NIP: 816-149-73-00<br>Tel.: 728 625 483<br><br>Godziny otwarcia:<\/td><\/tr><tr><td class=\"has-text-align-center\" data-align=\"center\">Poniedzia\u0142ek &#8211; Sobota<br>Od <strong>7:00<\/strong> do <strong>22:00<\/strong><\/td><\/tr><\/tbody><\/table><\/figure>\n<\/div>\n<\/div>\n\n\n\n<script>\ndocument.addEventListener('DOMContentLoaded', function() {\n  const columns = document.querySelectorAll('.clickable-column');\n  columns.forEach(column => {\n    column.addEventListener('click', function() {\n      const info = column.querySelector('.hidden-info');\n      if (info) {\n        info.classList.toggle('active');\n      }\n    });\n  });\n});\n<\/script>\n","protected":false},"excerpt":{"rendered":"<p>Zakres us\u0142ug Nasz serwis zajmuje si\u0119 kompleksow\u0105 obs\u0142ug\u0105 ogumienia do r\u00f3\u017cnych typ\u00f3w pojazd\u00f3w \u2013 od samochod\u00f3w osobowych, przez ci\u0119\u017carowe i [&hellip;]<\/p>\n","protected":false},"author":1,"featured_media":0,"parent":0,"menu_order":0,"comment_status":"closed","ping_status":"closed","template":"","meta":{"_uag_custom_page_level_css":"","site-sidebar-layout":"default","site-content-layout":"","ast-site-content-layout":"default","site-content-style":"default","site-sidebar-style":"default","ast-global-header-display":"disabled","ast-banner-title-visibility":"","ast-main-header-display":"disabled","ast-hfb-above-header-display":"","ast-hfb-below-header-display":"","ast-hfb-mobile-header-display":"disabled","site-post-title":"disabled","ast-breadcrumbs-content":"","ast-featured-img":"","footer-sml-layout":"","theme-transparent-header-meta":"","adv-header-id-meta":"","stick-header-meta":"","header-above-stick-meta":"","header-main-stick-meta":"","header-below-stick-meta":"","astra-migrate-meta-layouts":"default","ast-page-background-enabled":"default","ast-page-background-meta":{"desktop":{"background-color":"var(--ast-global-color-5)","background-image":"","background-repeat":"repeat","background-position":"center center","background-size":"auto","background-attachment":"scroll","background-type":"","background-media":"","overlay-type":"","overlay-color":"","overlay-opacity":"","overlay-gradient":""},"tablet":{"background-color":"","background-image":"","background-repeat":"repeat","background-position":"center center","background-size":"auto","background-attachment":"scroll","background-type":"","background-media":"","overlay-type":"","overlay-color":"","overlay-opacity":"","overlay-gradient":""},"mobile":{"background-color":"","background-image":"","background-repeat":"repeat","background-position":"center center","background-size":"auto","background-attachment":"scroll","background-type":"","background-media":"","overlay-type":"","overlay-color":"","overlay-opacity":"","overlay-gradient":""}},"ast-content-background-meta":{"desktop":{"background-color":"var(--ast-global-color-4)","background-image":"","background-repeat":"repeat","background-position":"center center","background-size":"auto","background-attachment":"scroll","background-type":"","background-media":"","overlay-type":"","overlay-color":"","overlay-opacity":"","overlay-gradient":""},"tablet":{"background-color":"var(--ast-global-color-4)","background-image":"","background-repeat":"repeat","background-position":"center center","background-size":"auto","background-attachment":"scroll","background-type":"","background-media":"","overlay-type":"","overlay-color":"","overlay-opacity":"","overlay-gradient":""},"mobile":{"background-color":"var(--ast-global-color-4)","background-image":"","background-repeat":"repeat","background-position":"center center","background-size":"auto","background-attachment":"scroll","background-type":"","background-media":"","overlay-type":"","overlay-color":"","overlay-opacity":"","overlay-gradient":""}},"footnotes":""},"class_list":["post-63","page","type-page","status-publish","hentry"],"yoast_head":"<!-- This site is optimized with the Yoast SEO plugin v26.4 - https:\/\/yoast.com\/wordpress\/plugins\/seo\/ -->\n<title>Serwis opon w Piskorowicach - Serwis opon w Piskorowicach<\/title>\n<meta name=\"robots\" content=\"noindex, follow\" \/>\n<meta property=\"og:locale\" content=\"pl_PL\" \/>\n<meta property=\"og:type\" content=\"article\" \/>\n<meta property=\"og:title\" content=\"Serwis opon w Piskorowicach - Serwis opon w Piskorowicach\" \/>\n<meta property=\"og:description\" content=\"Zakres us\u0142ug Nasz serwis zajmuje si\u0119 kompleksow\u0105 obs\u0142ug\u0105 ogumienia do r\u00f3\u017cnych typ\u00f3w pojazd\u00f3w \u2013 od samochod\u00f3w osobowych, przez ci\u0119\u017carowe i [&hellip;]\" \/>\n<meta property=\"og:url\" content=\"https:\/\/now-kasz.pl\/?page_id=63\" \/>\n<meta property=\"og:site_name\" content=\"Serwis opon w Piskorowicach\" \/>\n<meta property=\"article:modified_time\" content=\"2025-11-03T15:13:41+00:00\" \/>\n<meta property=\"og:image\" content=\"https:\/\/now-kasz.pl\/wp-content\/uploads\/2025\/09\/samochod4-2.png\" \/>\n\t<meta property=\"og:image:width\" content=\"500\" \/>\n\t<meta property=\"og:image:height\" content=\"500\" \/>\n\t<meta property=\"og:image:type\" content=\"image\/png\" \/>\n<meta name=\"twitter:card\" content=\"summary_large_image\" \/>\n<meta name=\"twitter:label1\" content=\"Szacowany czas czytania\" \/>\n\t<meta name=\"twitter:data1\" content=\"3 minuty\" \/>\n<script type=\"application\/ld+json\" class=\"yoast-schema-graph\">{\"@context\":\"https:\/\/schema.org\",\"@graph\":[{\"@type\":\"WebPage\",\"@id\":\"https:\/\/now-kasz.pl\/?page_id=63\",\"url\":\"https:\/\/now-kasz.pl\/?page_id=63\",\"name\":\"Serwis opon w Piskorowicach - Serwis opon w Piskorowicach\",\"isPartOf\":{\"@id\":\"https:\/\/now-kasz.pl\/#website\"},\"primaryImageOfPage\":{\"@id\":\"https:\/\/now-kasz.pl\/?page_id=63#primaryimage\"},\"image\":{\"@id\":\"https:\/\/now-kasz.pl\/?page_id=63#primaryimage\"},\"thumbnailUrl\":\"https:\/\/now-kasz.pl\/wp-content\/uploads\/2025\/09\/samochod4-2-300x300.png\",\"datePublished\":\"2025-09-13T12:00:25+00:00\",\"dateModified\":\"2025-11-03T15:13:41+00:00\",\"breadcrumb\":{\"@id\":\"https:\/\/now-kasz.pl\/?page_id=63#breadcrumb\"},\"inLanguage\":\"pl-PL\",\"potentialAction\":[{\"@type\":\"ReadAction\",\"target\":[\"https:\/\/now-kasz.pl\/?page_id=63\"]}]},{\"@type\":\"ImageObject\",\"inLanguage\":\"pl-PL\",\"@id\":\"https:\/\/now-kasz.pl\/?page_id=63#primaryimage\",\"url\":\"https:\/\/now-kasz.pl\/wp-content\/uploads\/2025\/09\/samochod4-2.png\",\"contentUrl\":\"https:\/\/now-kasz.pl\/wp-content\/uploads\/2025\/09\/samochod4-2.png\",\"width\":500,\"height\":500},{\"@type\":\"BreadcrumbList\",\"@id\":\"https:\/\/now-kasz.pl\/?page_id=63#breadcrumb\",\"itemListElement\":[{\"@type\":\"ListItem\",\"position\":1,\"name\":\"Strona g\u0142\u00f3wna\",\"item\":\"https:\/\/now-kasz.pl\/?page_id=63\"},{\"@type\":\"ListItem\",\"position\":2,\"name\":\"Serwis opon w Piskorowicach\"}]},{\"@type\":\"WebSite\",\"@id\":\"https:\/\/now-kasz.pl\/#website\",\"url\":\"https:\/\/now-kasz.pl\/\",\"name\":\"Serwis opon w Piskorowicach\",\"description\":\"\",\"potentialAction\":[{\"@type\":\"SearchAction\",\"target\":{\"@type\":\"EntryPoint\",\"urlTemplate\":\"https:\/\/now-kasz.pl\/?s={search_term_string}\"},\"query-input\":{\"@type\":\"PropertyValueSpecification\",\"valueRequired\":true,\"valueName\":\"search_term_string\"}}],\"inLanguage\":\"pl-PL\"}]}<\/script>\n<!-- \/ Yoast SEO plugin. -->","yoast_head_json":{"title":"Serwis opon w Piskorowicach - Serwis opon w Piskorowicach","robots":{"index":"noindex","follow":"follow"},"og_locale":"pl_PL","og_type":"article","og_title":"Serwis opon w Piskorowicach - Serwis opon w Piskorowicach","og_description":"Zakres us\u0142ug Nasz serwis zajmuje si\u0119 kompleksow\u0105 obs\u0142ug\u0105 ogumienia do r\u00f3\u017cnych typ\u00f3w pojazd\u00f3w \u2013 od samochod\u00f3w osobowych, przez ci\u0119\u017carowe i [&hellip;]","og_url":"https:\/\/now-kasz.pl\/?page_id=63","og_site_name":"Serwis opon w Piskorowicach","article_modified_time":"2025-11-03T15:13:41+00:00","og_image":[{"width":500,"height":500,"url":"https:\/\/now-kasz.pl\/wp-content\/uploads\/2025\/09\/samochod4-2.png","type":"image\/png"}],"twitter_card":"summary_large_image","twitter_misc":{"Szacowany czas czytania":"3 minuty"},"schema":{"@context":"https:\/\/schema.org","@graph":[{"@type":"WebPage","@id":"https:\/\/now-kasz.pl\/?page_id=63","url":"https:\/\/now-kasz.pl\/?page_id=63","name":"Serwis opon w Piskorowicach - Serwis opon w Piskorowicach","isPartOf":{"@id":"https:\/\/now-kasz.pl\/#website"},"primaryImageOfPage":{"@id":"https:\/\/now-kasz.pl\/?page_id=63#primaryimage"},"image":{"@id":"https:\/\/now-kasz.pl\/?page_id=63#primaryimage"},"thumbnailUrl":"https:\/\/now-kasz.pl\/wp-content\/uploads\/2025\/09\/samochod4-2-300x300.png","datePublished":"2025-09-13T12:00:25+00:00","dateModified":"2025-11-03T15:13:41+00:00","breadcrumb":{"@id":"https:\/\/now-kasz.pl\/?page_id=63#breadcrumb"},"inLanguage":"pl-PL","potentialAction":[{"@type":"ReadAction","target":["https:\/\/now-kasz.pl\/?page_id=63"]}]},{"@type":"ImageObject","inLanguage":"pl-PL","@id":"https:\/\/now-kasz.pl\/?page_id=63#primaryimage","url":"https:\/\/now-kasz.pl\/wp-content\/uploads\/2025\/09\/samochod4-2.png","contentUrl":"https:\/\/now-kasz.pl\/wp-content\/uploads\/2025\/09\/samochod4-2.png","width":500,"height":500},{"@type":"BreadcrumbList","@id":"https:\/\/now-kasz.pl\/?page_id=63#breadcrumb","itemListElement":[{"@type":"ListItem","position":1,"name":"Strona g\u0142\u00f3wna","item":"https:\/\/now-kasz.pl\/?page_id=63"},{"@type":"ListItem","position":2,"name":"Serwis opon w Piskorowicach"}]},{"@type":"WebSite","@id":"https:\/\/now-kasz.pl\/#website","url":"https:\/\/now-kasz.pl\/","name":"Serwis opon w Piskorowicach","description":"","potentialAction":[{"@type":"SearchAction","target":{"@type":"EntryPoint","urlTemplate":"https:\/\/now-kasz.pl\/?s={search_term_string}"},"query-input":{"@type":"PropertyValueSpecification","valueRequired":true,"valueName":"search_term_string"}}],"inLanguage":"pl-PL"}]}},"uagb_featured_image_src":{"full":false,"thumbnail":false,"medium":false,"medium_large":false,"large":false,"1536x1536":false,"2048x2048":false},"uagb_author_info":{"display_name":"AdministratorHubert44a","author_link":"https:\/\/now-kasz.pl\/?author=1"},"uagb_comment_info":0,"uagb_excerpt":"Zakres us\u0142ug Nasz serwis zajmuje si\u0119 kompleksow\u0105 obs\u0142ug\u0105 ogumienia do r\u00f3\u017cnych typ\u00f3w pojazd\u00f3w \u2013 od samochod\u00f3w osobowych, przez ci\u0119\u017carowe i [&hellip;]","_links":{"self":[{"href":"https:\/\/now-kasz.pl\/index.php?rest_route=\/wp\/v2\/pages\/63","targetHints":{"allow":["GET"]}}],"collection":[{"href":"https:\/\/now-kasz.pl\/index.php?rest_route=\/wp\/v2\/pages"}],"about":[{"href":"https:\/\/now-kasz.pl\/index.php?rest_route=\/wp\/v2\/types\/page"}],"author":[{"embeddable":true,"href":"https:\/\/now-kasz.pl\/index.php?rest_route=\/wp\/v2\/users\/1"}],"replies":[{"embeddable":true,"href":"https:\/\/now-kasz.pl\/index.php?rest_route=%2Fwp%2Fv2%2Fcomments&post=63"}],"version-history":[{"count":128,"href":"https:\/\/now-kasz.pl\/index.php?rest_route=\/wp\/v2\/pages\/63\/revisions"}],"predecessor-version":[{"id":318,"href":"https:\/\/now-kasz.pl\/index.php?rest_route=\/wp\/v2\/pages\/63\/revisions\/318"}],"wp:attachment":[{"href":"https:\/\/now-kasz.pl\/index.php?rest_route=%2Fwp%2Fv2%2Fmedia&parent=63"}],"curies":[{"name":"wp","href":"https:\/\/api.w.org\/{rel}","templated":true}]}}